2570/j. Let r = 400 - p. What is the hundreds digit of r?
1
Let p = 2193 + 5151. What is the units digit of p?
4
Suppose -79*w + 609074 = -22*w - 1121560. What is the ten thousands digit of w?
3
Suppose 138*n - 524348 = 963016. What is the ten thousands digit of n?
1
Suppose -3 = -g + 3*y - 20, -g + 5*y - 27 = 0. Let x be (g + 1)*14/7. What is the units digit of (x - 1)/(-6)*46?
3
Let l = -12367 + 21553. What is the tens digit of l?
8
Suppose -27*x = -115809 - 151923. What is the units digit of x?
6
Let w = 26022 - 5670. What is the ten thousands digit of w?
2
Let y(i) = -254*i + 2528. Let c be y(20). Suppose 2*s - q - 4*q + 29 = 0, -5*s - 30 = -4*q. What is the hundreds digit of c/(-16) + (-1)/s?
1
Let k = 3936 - -152. What is the hundreds digit of k?
0
Let f be (2037/(-5))/(-1) + (-54)/(-90). Let t = 926 - f. What is the units digit of t?
8
Suppose -3*d - 3*g = -3390, -d - g + 1140 = -5*g. Let j = 1993 - d. What is the units digit of j?
1
What is the units digit of ((-1)/5)/(34/(-1382525))*(-6)/(-5)?
9
Suppose 206943 = 25*y + 43268. What is the tens digit of y?
4
Let n(b) = b**3 - 3*b**2 + 2*b - 1. Suppose 4*t - 25 + 13 = 0. Let a be n(t). Suppose -4*r + 88 = -0*v + 4*v, 0 = a*v - 5*r - 70. What is the tens digit of v?
1
Let g(n) = -2*n**3 - 2*n**2 + n + 47. Let i be g(8). Let x = i - -2040. What is the tens digit of x?
4
Let k(l) = l**2 + 3*l - 3. Let f be k(-8). Suppose 3*y - 208 = -5*v, -3*y + 5 = 2*y. Let p = v - f. What is the units digit of p?
4
Let r be (3 - -5)/2 - (3 - 4). Suppose -r*j + 463 = a, -5*j - 848 - 1617 = -5*a. What is the tens digit of a?
8
Suppose -5*n = -4*q - n - 16, 3*q + 5 = -4*n. Let i(h) = -16 - 41*h - 4*h + 21*h + 16 + 7. What is the tens digit of i(q)?
7
Suppose 0 = -5*y - 3*b - 5, 0 = 3*y + 2*b - 0*b + 4. Suppose -y*r - z - 1081 = -6*r, 0 = -2*r + 5*z + 563. What is the units digit of r?
9
Let d = 2630 - 647. What is the units digit of d?
3
Let q(a) = 648*a**2 + 102*a - 18. What is the tens digit of q(-7)?
2
Let i(y) = y**3 + 16*y**2 + 5. Let p = -41 + 25. Let t be i(p). Suppose -2*g + 0*g + 346 = 3*x, t = g. What is the hundreds digit of x?
1
Suppose -9*d - 2419 - 7885 = -25*d. What is the tens digit of d?
4
Suppose 6*h - 79443 - 51621 = 0. What is the tens digit of h?
4
Let y(n) = -3034*n**3 + 2*n**2 - 66*n - 66. What is the thousands digit of y(-1)?
3
Suppose 115*a = 27*a + 48400. What is the tens digit of a?
5
Let w = -34 - -47. Suppose -4*r + w*s + 18 = 8*s, -4 = 2*s. What is the tens digit of (-79)/(-2*r/12)?
3
Let c(g) = 154*g**2 + 8*g + 25. Let p be c(-4). Let a = 3453 - p. What is the hundreds digit of a?
9
Let c = -585 + 2756. What is the tens digit of c?
7
Suppose -3*p + 8502 = 9*i - 6*i, 5*i + 5703 = 2*p. What is the tens digit of p?
3
Let c = 849 - 847. What is the tens digit of 847534/1098 - c/(-18)?
7
Suppose 38*k = -367*k - 88*k + 4613987. What is the hundreds digit of k?
3
Suppose 0 = 2*k - 5*q - 1904 - 797, 2*k - 3*q - 2691 = 0. Let x = -507 + k. What is the hundreds digit of x?
8
Suppose u + 15 = 2*a + 6*u, 5*a + 2*u - 27 = 0. Suppose 3*y + 2*r + 222 = 923, a*y - 3*r = 1181. What is the units digit of y?
5
Let h = 75 + -73. Let y(o) = -24 + o**h + 4*o + 0*o**2 + 14*o. What is the hundreds digit of y(-26)?
1
Let b be ((-112)/20)/(1 - 201/195). Suppose -3*h - 552 = -4*v, -h - 2*v = 12 + b. Let a = h + 324. What is the hundreds digit of a?
1
Let s be 3 + -2 - (-6 - 0 - -24). Let o = s - -28. What is the units digit of o?
1
Suppose 37 = 5*o + 17. Suppose 3*i = 109*u - 105*u + 5536, u = -o*i + 7413. What is the tens digit of i?
5
Let z(d) = -364*d**2 - 10*d + 48. Let u(p) = -122*p**2 - 3*p + 15. Let s(h) = -7*u(h) + 2*z(h). What is the units digit of s(3)?
8
Let w = 67 + -11. Let a = -62 + w. What is the tens digit of 150 + a*10/15?
4
Let n be 3/(-2) + 1135/10. Suppose 5*f - 3*q = 32, 5*q - 33 = -4*f - 0*q. Suppose -n = -m - f*m. What is the units digit of m?
4
Let q be (1 + 2)*(-12)/12. What is the hundreds digit of -2571*1/q + 0?
8
Suppose -16*i + 26 = -3*i. Suppose -i*t - 254 = 138. Let b = -12 - t. What is the units digit of b?
4
Let x(w) = 2*w**2 + 26*w + 21. Let t be x(-12). What is the units digit of -3 - t - (-2 - 1)?
3
Let m = -838 + 8330. Suppose -31*p + 24077 - m = 0. What is the tens digit of p?
3
What is the hundreds digit of 4721800/90 + (-80)/(-144)?
4
Let v = 7049 - 4208. Suppose -5*n - 5*z = -4730, -n + 4*z = -4*n + v. What is the tens digit of n?
4
Suppose 0 = 2*i - 5*d + 3082 + 160, 0 = -3*i - 3*d - 4884. Let u = 3020 + i. What is the thousands digit of u?
1
Let t(v) = 2546*v - 497. What is the units digit of t(9)?
7
Let w = -214 - -209. What is the tens digit of 507 + 0 + 6 - w?
1
Let d = 6508 + -37. Suppose 3*v - n + 47332 = 0, -v + 5*n - 22239 + d = 0. What is the units digit of v/(-184) + (1/4 - 1)?
5
Suppose 12*m - 43*m = 124. What is the units digit of 19308/48 + (3 - (-13)/m)?
2
Suppose 871 + 2141 = 4*g - 4*p, 5*g - 3735 = -5*p. Suppose g + 1587 = 19*l. What is the tens digit of l?
2
Let l be (68/10)/(12/60). Suppose 5783 = l*j - 5301. What is the hundreds digit of j?
3
Let q = 16 - -7. Suppose -w + 3*g + q = 0, -5*w + 4*g + 0*g + 60 = 0. What is the tens digit of 734/w - 5/(-20)?
9
Let z be (2/(-4) + -2)*324/(-270). What is the units digit of (-6)/9*(-144 - z)?
8
Let h(y) = -12*y**2 - 5*y - 4. Let m be h(-7). Let n = m + 856. Let b = -145 + n. What is the tens digit of b?
5
Suppose 0 = 5*k - 44 + 24. Suppose -k = 72*i - 74*i. Suppose -5*a - p + 434 = -i*p, 2*a - 168 = -p. What is the units digit of a?
6
Let w = -4729 - -8535. Suppose 11*a + 0*a = w. What is the units digit of a?
6
Suppose -9 = -n + 6. Let v be 5/15 + 2816/12. Suppose v = 5*a - n. What is the units digit of a?
0
What is the units digit of ((-16)/(-20) - (-9118)/(-35))/(81/(-2646))?
4
Suppose -143*l + 81504 = -127*l. What is the thousands digit of l?
5
Suppose -20*u - 28*u - 43550 = -74*u. What is the tens digit of u?
7
Let j(k) be the second derivative of k**5/20 + 7*k**4/12 + 7*k**2/2 - 29*k - 2. What is the units digit of j(-5)?
7
Let q = 52 - 29. Let k = q + -18. Suppose 4*v - 3*j - 328 = 0, k*j = 3*v + 2*j - 246. What is the tens digit of v?
8
Let a = 30808 - 12756. What is the hundreds digit of a?
0
Suppose -124*d = -131*d. Suppose -3*j - 2*z + 289 = d, 4*j - 343 = -2*z + 43. What is the tens digit of j?
9
Let j = 9593 + -6677. What is the tens digit of j?
1
Suppose -h = -6, 543*h - 544*h + 704 = 2*k. What is the tens digit of k?
4
Let i = -96027 + 152255. What is the hundreds digit of i?
2
Suppose 0 = -98*r + 88*r + 24460. Let s = r + -1277. What is the tens digit of s?
6
Let m be 2 + 0 - (0/(-5) - 1). Suppose -5*r + 13 = -x, -3*x - m*r + 11 = -2*x. Suppose 4*c = -x*d + 284, 6*d = c + 4*d - 66. What is the tens digit of c?
7
Let w = 34 - 34. Suppose -20 = -3*l - 4*r, w*r + r + 10 = 3*l. Suppose -2*b + 2*q + 350 = 0, l + 2 = 2*q. What is the tens digit of b?
7
Let w(h) = h**3 + 15*h**2 - 30*h - 4. Let c be w(-14). Suppose -5*l + f + 459 = -2*l, 0 = -4*l + 4*f + c. What is the hundreds digit of l?
1
Suppose 35*q - 40*q - 40 = 0. Let b = q + 21. Suppose -14 = -d - b. What is the units digit of d?
1
Suppose 6*d - 18 = 4*d. Let m be 10*(0 - (-9)/(-15)). What is the units digit of d/m*20/(-6)?
5
Let y(h) = 22*h**2 - 164*h - 49. What is the hundreds digit of y(51)?
8
Suppose -206*u + 202*u + 20 = 0. Let m(g) = 7*g**2 + 6*g - 27. What is the hundreds digit of m(u)?
1
Let m = 105 + -163. Let f = 91 + m. Let s = -26 + f. What is the units digit of s?
7
Let i(j) = 419*j**2 + j + 2. Let a = 9 + -10. Let l be i(a). Suppose 5*d - l = -0*d. What is the units digit of d?
4
Suppose 85*n = 84*n + 3. Suppose -1097 = n*q + 2*o, 4*q + 2*o + 835 + 629 = 0. Let h = q - -640. What is the units digit of h?
3
Let o(w) = 36*w + 8. Let l be o(-5). Let g = -66 - 10. Let c = g - l. What is the tens digit of c?
9
Let y(d) = -d**2 - 18*d - 6. Let q be y(-7). Suppose -13*w = -8*w - 135. Let h = q - w. What is the tens digit of h?
4
Let q(d) = -2*d**3 - 5*d**2 + 6*d + 14. Let i be q(-5). Let a = i + 729. What is the units digit of a?
8
Let a(f) = -425*f - 193. What is the hundreds digit of a(-27)?
2
Let m(j) = j**3 + 38*j**2 - 11*j - 728. What is the units digit of m(-32)?
8
Let m = -149 + 319. Let i be (6/((-12)/m))/(-1). Let 